ided by 138?
7
Suppose 2*z = z + 24. Suppose -108*y - 100*y + 25*y + 8052 = 0. Calculate the remainder when y is divided by z.
20
Let v = 501 + -386. Suppose -2*r = 3*r - v. Calculate the remainder when 82 is divided by r.
13
Suppose 9*n + 43 = 11*n - 5*b, 4*b = -2*n + 16. Calculate the remainder when n is divided by 50/4 + (-2)/4.
2
Suppose -q - 87 = 44. Let c = q - -158. Suppose -34 = -5*x + 3*x. What is the remainder when c is divided by x?
10
Let j = -13223 + 13735. Calculate the remainder when j is divided by 19.
18
Let t(c) = -46*c + 2257. What is the remainder when t(44) is divided by 82?
69
Suppose 768*i - 7267 = 599*i. Suppose -3*w = w + 36. What is the remainder when i is divided by (-56)/(-6) + 3/w?
7
Suppose 11 = 4*h - 1. Suppose 0 = -h*u + p + 21 + 2, 3*p - 3 = u. Suppose -10*q + u*q + 18 = 0. What is the remainder when 68 is divided by q?
14
Let k be 33*(1 + 188/6). Suppose 16*w = 5*w + k. What is the remainder when w is divided by 14?
13
Let p(s) = -2*s**3 + 24*s**2 + 182*s + 48. What is the remainder when 1489 is divided by p(17)?
229
Suppose -19*y - 4*y + 1925 = 2*y. Suppose 0 = 2*t - 3*x + 8 - 33, -3*t = 3*x - 75. What is the remainder when 44/y + t/14 is divided by 2?
0
Calculate the remainder when 2897 + 20 + -12 + (-5 - -3) + 2 is divided by 40.
25
Let r(g) be the third derivative of -11/24*g**4 - 17/2*g**3 + 3*g**2 + 0 + 0*g. Calculate the remainder when 73 is divided by r(-7).
21
Let h(z) = 2*z**3 - 120*z**2 - 246*z - 83. What is the remainder when 2496 is divided by h(62)?
36
Let f = 24 + -33. Let i be ((-3)/f)/((-1)/(-18)). What is the remainder when 25 is divided by 64/i - 15/9?
7
Let s = 54 - -186. Let u = s + -205. What is the remainder when u is divided by 12?
11
Suppose 12*o - 158 = -11*o + 1567. What is the remainder when 114 is divided by o?
39
Let p(w) be the second derivative of w**4/12 + 5*w**3/6 - 3*w**2 - 17*w. What is the remainder when p(4) is divided by 16?
14
Let a(v) = -8*v**3 - 45*v**2 + 3*v + 12. Calculate the remainder when (812/6 - 4)/((-4)/(-6)) is divided by a(-6).
95
Let b = -157 + 224. Calculate the remainder when 72 is divided by b.
5
Let j(g) = 2*g**2 + 10*g + 2568. What is the remainder when j(-40) is divided by 30?
28
Let i(u) = u**3 - 102*u**2 - 766*u + 677. What is the remainder when 2461 is divided by i(109)?
11
Let n(y) be the third derivative of -y**6/120 + y**5/30 + 5*y**4/12 - 11*y**3/6 + 2*y**2 - 35*y. Calculate the remainder when 129 is divided by n(3).
9
Suppose -80 = -10*m + 6*m + 4*v, 2*v = 4*m - 82. Let u(b) = -2*b + 22. Let o be u(13). What is the remainder when o/(-6) + -1 + (-1497)/(-9) is divided by m?
19
Calculate the remainder when 76 is divided by -5 + 10 + -6 + (-35)/(-49)*35.
4
Let k = -297 - -524. Calculate the remainder when 18159 is divided by k.
226
Let s be (9/(-15) - -1)*-60. Let k = -22 - s. Let i(j) = 5*j**3 + j**2 + 6*j - 7. Calculate the remainder when i(1) is divided by k.
1
Let x = -7597 - -7714. What is the remainder when 1277 is divided by x?
107
Let a = 114 - 86. Calculate the remainder when a is divided by 4/(-6) - (-230)/30.
0
Suppose y = 2*l + 2, 0*y - 3*y + 6 = l. Suppose 0*d - 1 = d, l = m - 5*d - 40. Let b = 6675 - 6541. What is the remainder when b is divided by m?
29
Let g = -55 - -65. Suppose -5*q - 15 = -2*k + 16, 2*k = 2*q + g. Let c(z) = z**3 + 7*z**2 - 8*z - 15. Calculate the remainder when 163 is divided by c(q).
40
Let v(z) = -2*z + 75. What is the remainder when -2 - (-2)/4 - (-345)/2 is divided by v(8)?
53
What is the remainder when 6 - (-144053)/117 - 4/18 is divided by 63?
40
Let a = -914 + 933. Suppose -142 = 3*u - 5*u. Calculate the remainder when u is divided by a.
14
What is the remainder when 1/((-2)/(-8)) + (2373 - 686/14) is divided by 19?
10
Let k = 58 + 115. Suppose -10*f + q = -6*f - 650, k = f + 5*q. Calculate the remainder when f is divided by 28.
23
Suppose -8*h + 2*h = 7*h. Suppose -9*g + 4*g = -3*r + 17, h = 2*r + 5*g - 3. Suppose -r*w + 20 = -12. What is the remainder when 16 is divided by w?
0
Let c(k) = 9*k**2 - 22*k + 68. What is the remainder when c(6) is divided by 131?
129
Suppose 4*h + k - 645 = 4*k, -5*h - 4*k = -783. What is the remainder when 2383 is divided by h?
157
Let p = 11 + 11. Suppose 4*l - p = -4*o + 2*o, -l + 1 = -4*o. Calculate the remainder when ((-21)/(-14))/(o/6 - 0) is divided by 5.
4
Suppose -q = 4*q - 70. Let s be (-2)/10 + 52/10. Suppose s*m - 58 = c, -2*m - c = -m - q. What is the remainder when 47 is divided by m?
11
Suppose -6*s = -647 + 383. Calculate the remainder when 4 - (-21)/(-3) - -217 is divided by s.
38
Let g(t) = 1 - 6 - 14*t - 4. Calculate the remainder when g(-5) is divided by 4.
1
Let p = -16 - -30. What is the remainder when 45/3 - (p - 10) is divided by 5/((-40)/(-84))*(-20)/(-35)?
5
Let w = 81 + -66. Let x(v) = 9*v**2 - 7*v + 14. Calculate the remainder when x(4) is divided by w.
10
Let s = 1597 - 1535. What is the remainder when s is divided by 6?
2
Suppose 3*a + 5*w = 44, -18*a + 15*a - w = -40. Let i(b) = b**3 - 15*b**2 + 24*b + 32. Calculate the remainder when 12 is divided by i(a).
0
Suppose 0 = -4*z - 24, 3*n + 72*z - 36 = 68*z. What is the remainder when 497 is divided by n?
17
Suppose -2*h - 4 = -3*h. Suppose 6*s - 2*m = 11*s - 391, -2*s - h*m + 166 = 0. Calculate the remainder when s is divided by 6.
5
Suppose 9916 = 53*r + 21*r. What is the remainder when r is divided by 27?
26
Let n be 31/1 - (-2)/1. Suppose 0 = -0*v + v - n. Calculate the remainder when (-26)/(-3)*4/(2 - 220/150) is divided by v.
32
Suppose 0 = -3*w - 13 - 17. Suppose 0 = 6*q - 10*q + 416. Calculate the remainder when q is divided by (-8)/w - 1056/(-30).
32
Let y(p) = -p**3 + 7*p**2 - 4*p - 4. Let s be y(7). Let m = s - -36. Let q(x) = x**3 - x**2 - 4*x + 6. What is the remainder when 111 is divided by q(m)?
35
Let q = -329 + 187. Let g = q + 145. Calculate the remainder when 14 is divided by g.
2
Suppose 24*u + 619 = 1675. Let k = -25 + u. Calculate the remainder when 94 is divided by k.
18
Let c = -209 - -209. Suppose c = 158*s - 153*s - 170. What is the remainder when 338 is divided by s?
32
Suppose 15*u - 14*u - 23 = -2*y, 0 = y + 4. Let s = -75 - -84. What is the remainder when u is divided by s?
4
Suppose -10*y = -6*y + 4*y - 88. What is the remainder when 569 is divided by y?
8
Let i(z) = 246*z - 226. Calculate the remainder when 68 is divided by i(1).
8
Let s(m) = -356*m - 980. What is the remainder when 334 is divided by s(-3)?
70
Suppose 0 = -30*k + 1332 + 1480 - 262. Calculate the remainder when k is divided by 25.
10
Let t(p) = -p**3 + 9*p**2 - 2*p + 9. Let v = 33 - 18. Suppose 32 = -v*d + 17*d. Calculate the remainder when t(7) is divided by d.
13
Let u be (2/(-2))/((-2)/62). Let g = u - 19. Suppose -g*q + 84 = -9*q. Calculate the remainder when q is divided by 6.
4
Calculate the remainder when (-58)/(-4)*(63 - (-17 + 8)) is divided by 24.
12
Suppose 2*o + 29 = g - 0*g, -3 = o. Suppose 4*d + q - 738 = -9*q, -4*d = -2*q - 822. Calculate the remainder when d is divided by g.
18
Let c be 4*((-76)/(-16) - 5). Let x be (-432)/(-36) + 2/2 + c. Suppose 3*y - 65 - x = -r, -4*y - 480 = -5*r. Calculate the remainder when r is divided by 31.
30
Calculate the remainder when 81 is divided by (3 + ((-412)/(-20) - (-3)/(-5)))*1.
12
Let g(c) = -138*c**3 - 2*c**2 + 25*c + 26. Calculate the remainder when 163 is divided by g(-1).
26
Suppose -3*g + 5*c + 68 = 0, -2*c = 4*g + 2*c - 112. Let u = 247 + -22. Suppose -4*i + u = -183. Calculate the remainder when i is divided by g.
24
Suppose 0 = -5*w + 3*v + 17, -5*v + 283 = -4*w + 281. Calculate the remainder when 10805 is divided by w.
4
Let h = 230 - 263. Calculate the remainder when (-2)/((-4)/258) - (h - -31) is divided by 44.
43
Let w = 25821 - 25790. What is the remainder when w is divided by 20?
11
Let f = -28278 + 28950. Calculate the remainder when f is divided by 42.
0
Suppose -37*w + 27*w + 20 = 0. Suppose -1 = w*a + 5*c - 5, 0 = -4*a + 3*c + 8. What is the remainder when 17 is divided by a?
1
Let p be 0 + 42/5 - (-50)/(-125). Let b(n) = n**3 - n**2 - 21*n + 29. What is the remainder when b(p) is divided by 24?
21
Suppose 15*a - 18592 = -13*a. Suppose 356 = 15*j - a. Calculate the remainder when j is divided by 23.
22
Calculate the remaind